et w(s) = -6*s - 6 + 6*s**2 + 6*s - s. Let j(m) = 5*q(m) + w(m). Calculate j(7).
6
Let m(f) = f**3 - 7*f**2 + 6*f. Let p(t) = -2*t - 2. Let v be p(1). Suppose -2*x - 24 = -4*i, 4*i = -3*x + 2*x. Let g be (-46)/x - 1/v. What is m(g)?
0
Let j be ((-8)/20*5)/(4/(-42)). Let i(v) = 2*v - 40. Give i(j).
2
Let j(k) = 25*k + 105. Let a be j(-4). Let i(o) = -o**3 + 5*o**2 - 3*o + 9. Calculate i(a).
-6
Let j(f) = -6*f**3 + 10*f**2 + f + 5. Let y(b) = 5*b**3 - 9*b**2 - 4. Let t(g) = 6*j(g) + 7*y(g). Let d = 3 + -28. Let l = -29 - d. Determine t(l).
-6
Let j(p) = p + 5. Let m(u) = 5*u + 7. Let f(h) = 4*j(h) - m(h). Calculate f(11).
2
Let o(t) be the first derivative of 2*t**2 + t - 5. Let r(f) = 3*f**2 + 1. Let x be r(-1). Suppose 0 = -4*k - 0*m + x*m - 20, -2*k + 4*m = 16. What is o(k)?
-7
Let c(q) = -273*q**3 + 83*q**3 + 2 + 98*q**3 + q + 95*q**3 - 3*q**2. What is c(2)?
16
Suppose 4*f = 2*z + 96, -f - 229 = 5*z - 0*f. Let y = -42 - z. Let j(a) = 6*a - 4 - 3*a**2 + 5*a**2 - 3*a**2. Give j(y).
4
Let t(r) = -23*r + 7. Suppose b + 26 = -4*f + 3, 0 = -4*b - 12. Let i(w) = 35*w - 10. Let h(a) = f*i(a) - 7*t(a). Determine h(-1).
15
Let n be 4*(-3)/(-2) + 0. Let o(w) = 57*w - 14. Let u(d) = 34*d - 7. Let z(v) = -3*o(v) + 5*u(v). Determine z(n).
1
Let k(y) be the second derivative of y**6/720 - 3*y**5/40 - y**4 + 13*y. Let v(f) be the third derivative of k(f). What is v(5)?
-4
Let o(w) be the first derivative of -2*w**3/3 + 5*w**2/2 - 4*w - 90. Give o(4).
-16
Let x(d) be the third derivative of d**5/60 + d**4/6 + 25*d**3/6 + 7*d**2. Let c(g) be the first derivative of x(g). What is c(4)?
12
Let p(w) = 2*w**2 - 11*w - 4. Let s(n) = 3*n**2 - 17*n - 6. Let d = 32 + -27. Suppose -7*h + 21 = -10*h. Let m(a) = d*s(a) + h*p(a). Calculate m(5).
-17
Let v = 23 + -19. Let i(p) = p - 3 - 2 + 2 - v. Calculate i(3).
-4
Suppose -7 = 2*c - 1. Let p = -18 - -21. Let v(m) = m**3 - p*m**3 + 0*m**3 + 2*m**2 + 3*m**3 - m. What is v(c)?
-6
Let i(v) = 41*v - 3. Let t(g) = 112*g - 8. Let s(h) = 11*i(h) - 4*t(h). What is s(3)?
8
Suppose -5*h + 5*n = 0, -8*h - 8 = -5*h - n. Let l(s) = s**3 + 3*s**2 - 6*s - 2. Calculate l(h).
6
Let q(i) be the third derivative of -i**5/30 + i**4/12 - i**3/6 - 2*i**2 + 147. Give q(1).
-1
Let k(c) be the third derivative of c**5/30 - 5*c**4/12 + 3*c**3/2 + 2*c**2 - 54*c. Give k(7).
37
Let p(w) = 7*w - 24. Let j(m) = 9*m - 37. Let k(x) = 5*j(x) - 7*p(x). What is k(-6)?
7
Let k(w) = w**3 + 6*w**2 + 8*w + 6. Let y(n) = 2*n**2 - 6*n + 4. Let m be y(7). Let r = 55 - m. What is k(r)?
-9
Let q(u) be the second derivative of -u**4/12 + u**3/3 - u**2/2 + u + 26. Suppose 4*i - 5*c - 10 = -i, 3*i + 2 = c. Determine q(i).
-9
Let n(s) be the first derivative of -s**3/6 + s**2 + s - 9. Let z(x) be the first derivative of n(x). Give z(4).
-2
Let k(o) = 3 + o + o**2 + 4*o + o. Let n be k(-2). Let z(g) = -4 + 0 - 6 - g. Determine z(n).
-5
Suppose 12 = 119*l - 123*l. Let y(i) be the first derivative of -i**4/4 - 4*i**3/3 - i**2 + i - 2. What is y(l)?
-2
Suppose 5*g + 6*g - 528 = 0. Let n be (g/80)/(1/5). Let m(f) be the third derivative of f**6/120 - f**5/60 - f**4/8 - 2*f**3/3 + 2*f**2. What is m(n)?
5
Let y(s) = 24*s - 122. Let t be y(5). Let p(n) = 5*n**3 + 2*n**2 + 4*n + 2. What is p(t)?
-38
Let j(x) = 52*x + 7 - 51*x - 3. Calculate j(-10).
-6
Let g(r) be the second derivative of 3*r**5/20 + r**4 - 3*r**2/2 - 84*r. Give g(-4).
-3
Suppose k = 7 - 3. Suppose k*w + 4*f = -4, 20 = 4*w + f - 3*f. Let h(s) = -w*s - 12 + 13 + 6*s + s**2. Give h(-5).
11
Let n(k) = 4 + 2*k - 2 - 10*k. Let a be -1*11 - (-142 - -129). Determine n(a).
-14
Suppose -3*h + 114 = 3*h. Suppose -3*g = -3*z + 2 + h, 0 = z - 5*g - 7. Let b(a) = -a**3 + 8*a**2 - 6*a - 3. Give b(z).
4
Let q(z) = z - 2. Let b(n) = -4*n + 14. Let k(g) = b(g) + 5*q(g). Give k(-11).
-7
Let h(d) be the first derivative of d**2/2 + 5*d - 16. Determine h(-9).
-4
Let g(o) = 2*o - 3. Suppose 18 = -3*x - 3*n, -25*x - n - 9 = -21*x. What is g(x)?
-5
Let l = 37 - 33. Let x(s) = 0 + 0 + 4 - 5*s**3 + l*s + 6*s**3 + 4*s**2. Calculate x(-4).
-12
Let r(o) = -617 - o**2 - 4*o**2 + 618 - 2*o. Give r(1).
-6
Let l(f) = -f**2 - 5*f + 3. Let o(u) = -2*u**3 + 18*u**2 - 14*u - 20. Let r be o(8). Give l(r).
7
Let x(q) = 12*q - 55. Let f(s) = 12*s - 79. Let b(h) = 4*f(h) - 5*x(h). What is b(-3)?
-5
Let z(g) = -g + 1. Let c(w) = -2*w + 6. Let s(f) = -c(f) + 5*z(f). Let j(b) = 8*b - 481. Let k be j(60). Give s(k).
2
Let c(b) = 2*b + 10. Let m(i) = i + 5. Suppose 3*h - 22 + 1 = 0. Let l(w) = h*m(w) - 3*c(w). Let v be 111/(-24) + 1320/2112. Calculate l(v).
1
Let v be (-6)/4*12/9. Let w = 22 - v. Let y(j) = -w*j**3 - 18*j**3 + 41*j**3 - 4*j**2 + 3*j + 5. What is y(-4)?
-7
Let p(m) = -5*m - 2. Let d be p(-1). Suppose -5*s - 3*g - 1 = d, 5*g = -s - 14. Suppose -9 = -4*r - s. Let j(i) = i**2 - 2. Calculate j(r).
2
Let y(h) be the first derivative of h**7/840 + h**6/90 - h**5/120 - 5*h**4/24 - 7*h**3 + 15. Let f(u) be the third derivative of y(u). Determine f(-4).
-1
Let j(t) = 4*t**3 - 8*t**2 - 7*t + 5. Let c(y) = 9*y**3 - 17*y**2 - 15*y + 11. Let q(l) = 3*c(l) - 7*j(l). Determine q(6).
-14
Let j(x) = -6*x**2 - 3*x - 5. Let m be (((-32)/(-6))/4)/(2/(-3)). Calculate j(m).
-23
Let h(s) = -s - 1. Let l(p) = -24*p + 59*p + 5 - 28*p. Let y(k) = -6*h(k) - l(k). Let a(f) = -f. Let r be a(1). Calculate y(r).
2
Let j(b) be the first derivative of b**6/360 + 7*b**5/120 + b**4/12 + b**3 + 15. Let n(x) be the third derivative of j(x). What is n(-7)?
2
Let d(g) be the third derivative of g**6/120 - 2*g**5/15 - g**4/12 + g**3/6 - g**2. Let z = 3452 + -3444. Calculate d(z).
-15
Let s(i) be the third derivative of -i**7/840 + i**6/45 - i**4/3 - 3*i**3 - 32*i**2. Let h(j) be the first derivative of s(j). Give h(8).
-8
Let z(c) = -3*c - 92. Let m be z(-28). Let h(l) = -l**2 - 7*l + 8. What is h(m)?
0
Let a(r) = r + 8. Let s = 4 - 4. Suppose 3*d + 2 - 11 = s. Suppose 0 = -q - 2, -d*g - 10 = -0*g + 5*q. Determine a(g).
8
Let z(d) = -7*d**2 + 2. Let g(y) = -15*y**2 - y + 4. Let l(a) = 6*g(a) - 13*z(a). Calculate l(5).
-7
Let c(i) = i - 8. Let x be c(9). Let a(p) = 8*p - 12*p + 12*p. Calculate a(x).
8
Let v = -747 + 736. Let w(p) = -p**2 - 13*p - 17. Give w(v).
5
Let k(p) = -28*p + 62*p + 3 - 4 - 29*p - p**2. Suppose -6*t + 16 = -2*t. Determine k(t).
3
Suppose -2*j - 6 = -2*i, -5*i = 4*j - 1 - 5. Let a(s) = 5 - 4*s - 1 + 1 - 2. Determine a(i).
-5
Suppose -2*p = -b - 8, -3*p - 108*b + 5 = -106*b. Let q(x) = -x**2 - 2*x + 5. Give q(p).
-10
Let v = 275 - 280. Let l(w) = 3*w + 5. Give l(v).
-10
Suppose 0 = -6*m + 14*m - 16. Let v(p) = p + 5. Let j(h) = 2*h + 6. Let u(g) = -3*j(g) + 4*v(g). Let c(z) = 3*z - 2. Let s(k) = -4*c(k) - 5*u(k). Give s(m).
-6
Let t(k) = k - 5 - 6 + 12. Let d = -18 + 28. Let h = d + -5. Give t(h).
6
Suppose -11*f - 6 = -13*f. Let m(y) be the second derivative of -1/20*y**5 + 1/2*y**4 - y**f - y**2 - y + 0. What is m(5)?
-7
Let c = -9 - -15. Let q(r) be the third derivative of r**4/24 - r**3/2 + 31*r**2 + 11*r. What is q(c)?
3
Let d(a) be the first derivative of -a**2/2 + a - 75. Let b = 5 - 5. Give d(b).
1
Suppose 2*u + 310 - 1114 = 0. Let l = u + -156. Let y(b) = l*b**2 + 1 - 247*b**2 + 1 + b. Calculate y(0).
2
Let h(g) = g**2 + 4*g. Let o be 0 + 4 - (-1 + 1)*1. Suppose 4*l + 4*r = -16, o*l - 5*l - 3*r - 2 = 0. Calculate h(l).
5
Let n = -113 + 115. Let w(j) = 3*j**2 - 2*j**2 + 2*j**3 + 3 + 3*j + 3*j**n - 3*j**3. Determine w(4).
15
Let o(r) = r**3 + 6*r**2 - 6*r + 7. Let n = 3320 + -3326. What is o(n)?
43
Suppose -n = -j - 5*n + 26, -n + 5 = 0. Suppose j*s = 3*s. Let i(y) be the third derivative of -y**5/60 - y**4/24 + 3*y**3/2 - 4*y**2. Calculate i(s).
9
Let q(y) = y**2 - 8*y - 9. Suppose 2*g = 3*g - 2*l - 13, 4*g = -5*l. Let v be -3 + -3 + g + 8. Calculate q(v).
-16
Let w(g) = 0*g + g + g**2 - 8 - g + 4*g. Suppose 6*b = 10*b - 16. Suppose -b*r - 16 = 8. Give w(r).
4
Suppose -3*k - 30 = -3*g, -g + 2*k = -12 - 2. Let b(l) = -g*l**2 - 2 + l + 3 + 0 - 3*l**2. What is b(-1)?
-9
Let j(h) = -h**2 + h - 1. Let m = 39 + -36. Let p(x) = -2*x**2 - 5*x - 5. Let y(c) = m*j(c) - p(c). Give y(8).
2
Let f be (-96)/12*-1*1/2. Let m(v) = -v**2 + 4*v - 7. Determine m(f).
-7
Suppose d = 2*x - 3*d - 18, 0 = -2*x + 3*d + 13. Let k(u) = -u + 7. Let s(o) = 6*o - 16. Let f(w) =